?
7
What is the thousands digit of 733846630?
6
What is the ten millions digit of 33334192?
3
What is the tens digit of 39423372?
7
What is the units digit of 343981963?
3
What is the hundred millions digit of 328451687?
3
What is the hundreds digit of 11166588?
5
What is the thousands digit of 3256198817?
8
What is the hundred millions digit of 394123904?
3
What is the units digit of 172872173?
3
What is the billions digit of 2406458188?
2
What is the thousands digit of 482825677?
5
What is the hundred thousands digit of 192563810?
5
What is the hundreds digit of 148736935?
9
What is the hundreds digit of 1182455005?
0
What is the thousands digit of 126771439?
1
What is the hundred thousands digit of 27274219?
2
What is the thousands digit of 38481288?
1
What is the units digit of 1407684937?
7
What is the thousands digit of 1763431255?
1
What is the tens digit of 254258191?
9
What is the tens digit of 127696521?
2
What is the thousands digit of 1083487709?
7
What is the millions digit of 400935274?
0
What is the ten millions digit of 353224338?
5
What is the thousands digit of 633191609?
1
What is the units digit of 21466940?
0
What is the millions digit of 1516566685?
6
What is the hundred millions digit of 570986107?
5
What is the thousands digit of 112762732?
2
What is the hundreds digit of 1303343480?
4
What is the ten millions digit of 117880939?
1
What is the hundreds digit of 423255660?
6
What is the thousands digit of 21230846?
0
What is the ten millions digit of 604677855?
0
What is the ten thousands digit of 279171406?
7
What is the ten millions digit of 169201910?
6
What is the millions digit of 28682134?
8
What is the tens digit of 48295006?
0
What is the tens digit of 203508297?
9
What is the tens digit of 15942703?
0
What is the hundreds digit of 453921026?
0
What is the units digit of 126790811?
1
What is the hundred thousands digit of 44064794?
0
What is the ten thousands digit of 11115390?
1
What is the hundred thousands digit of 831005837?
0
What is the hundreds digit of 344172489?
4
What is the ten thousands digit of 133496027?
9
What is the ten millions digit of 1309872351?
0
What is the units digit of 122438092?
2
What is the hundreds digit of 67975937?
9
What is the ten millions digit of 1608803981?
0
What is the hundreds digit of 118447338?
3
What is the tens digit of 805594866?
6
What is the hundred thousands digit of 5182748504?
7
What is the tens digit of 11987619?
1
What is the units digit of 51551781?
1
What is the tens digit of 269819772?
7
What is the millions digit of 352900916?
2
What is the units digit of 54676329?
9
What is the ten thousands digit of 1431295156?
9
What is the hundred millions digit of 106504265?
1
What is the thousands digit of 44552470?
2
What is the thousands digit of 1890799341?
9
What is the hundreds digit of 2196619?
6
What is the thousands digit of 719906660?
6
What is the tens digit of 110475325?
2
What is the millions digit of 24943259?
4
What is the hundreds digit of 144932822?
8
What is the ten thousands digit of 676446665?
4
What is the units digit of 9599392?
2
What is the hundred thousands digit of 834239297?
2
What is the millions digit of 9174645038?
4
What is the hundred millions digit of 2099929687?
0
What is the thousands digit of 3878849441?
9
What is the hundreds digit of 2735021290?
2
What is the thousands digit of 1350657285?
7
What is the thousands digit of 188452839?
2
What is the tens digit of 1521284195?
9
What is the ten millions digit of 12184778?
1
What is the millions digit of 571238721?
1
What is the hundreds digit of 46550223?
2
What is the ten millions digit of 31390325?
3
What is the ten millions digit of 323132082?
2
What is the ten millions digit of 104126047?
0
What is the hundred thousands digit of 46073561?
0
What is the hundred millions digit of 585206897?
5
What is the millions digit of 466845179?
6
What is the ten millions digit of 1443658310?
4
What is the ten millions digit of 22997309?
2
What is the hundreds digit of 14818399?
3
What is the thousands digit of 120339645?
9
What is the ten millions digit of 64905600?
6
What is the thousands digit of 122270297?
0
What is the hundreds digit of 55516532?
5
What is the tens digit of 450345145?
4
What is the hundred thousands digit of 207376922?
3
What is the millions digit of 7229578?
7
What is the tens digit of 1608516134?
3
What is the hundreds digit of 74593242?
2
What is the hundred thousands digit of 24669705?
6
What is the hundreds digit of 6212205394?
3
What is the millions digit of 6140149?
6
What is the hundred millions digit of 203594639?
2
What is the millions digit of 639808400?
9
What is the ten thousands digit of 1776389581?
8
What is the millions digit of 128773618?
8
What is the hundred thousands digit of 61794664?
7
What is the hundred thousands digit of 110238105?
2
What is the hundred millions digit of 1068712154?
0
What is the units digit of 397473199?
9
What is the hundreds digit of 52055494?
4
What is the millions digit of 369894288?
9
What is the thousands digit of 269670950?
0
What is the ten thousands digit of 370029080?
2
What is the tens digit of 175003245?
4
What is the ten thousands digit of 39689644?
8
What is the hundred thousands digit of 336699870?
6
What is the ten thousands digit of 434230489?
3
What is the hundreds digit of 3172249660?
6
What is the thousands digit of 4787061?
7
What is the thousands digit of 2212806122?
6
What is the units digit of 1900223490?
0
What is the tens digit of 492177081?
8
What is the units digit of 344443427?
7
What is the hundreds digit of 200807811?
8
What is the thousands digit of 187681430?
1
What is the ten millions digit of 36989734?
3
What is the hundred thousands digit of 3032610521?
6
What is the millions digit of 71773087?
1
What is the thousands digit of 147964984?
4
What is the hundreds digit of 3516272489?
4
What is the millions digit of 55494705?
5
What is the thousands digit of 69249685?
9
What is the millions digit of 424788426?
4
What is the millions digit of 80461395?
0
What is the hundreds digit of 66597855?
8
What is the ten millions digit of 529246564?
2
What is the hundreds digit of 629461484?
4
What is the billions digit of 2509522874?
2
What is the ten millions digit of 318817242?
1
What is the units digit of 71662509?
9
What is the ten thousands digit of 19813918?
1
What is the millions digit of 78202624?
8
What is the ten millions digit of 182839129?
8
What is the thousands digit of 775942524?
2
What is the thousands digit of 17687371?
7
What is the tens digit of 1526473840?
4
What is the hundred millions digit of 885859259?
8
What is the thousands digit of 1746690637?
0
What is the millions digit of 1568620936?
8
What is the units digit of 64457766?
6
What is the hundreds digit of 38570176?
1
What is the ten thousands digit of 1292626667?
2
What is the hundreds digit of 51994531?
5
What is the ten thousands digit of 129567409?
6
What is the tens digit of 1983283134?
3
What is the tens digit of 12577344?
4
What is the ten thousands digit of 2071729661?
2
What is the tens digit of 121584594?
9
What is the millions digit of 390223162?
0
What is the hundred millions digit of 545902181?
5
What is the hundreds digit of 746128005?
0
What is the ten thousands digit of 2166150725?
5
What is the units digit of 218999918?
8
What is the hundreds digit of 375454886?
8
What is the hundred thousands digit of 31583798?
5
What is the hundreds digit of 45395632?
6
What is the tens digit of 160809477?
7
What is the millions digit of 2711838510?
1
What is the units digit of 48387880?
0
What is the tens digit of 48650949?
4
What is the hundred millions digit of 706070098?
7
What is the hundred thousands digit of 244242637?
2
What is the tens digit of 42185748?
4
What is the thousands digit of 43729520?
9
What is the thousands digit of 1124815403?
5
What is the hundreds digit of 6922812?
8
What is the millions digit of 216356084?
6
What is the ten thousands digit of 543497280?
9
What is the hundred millions digit of 150936619?
1
What is the ten thousands digit of 845295086?
9
What is the ten millions digit of 382198975?
8
What is the billions digit of 1404139800?
1
What is the ten millions digit of 436188380?
3
What is the billi